{"id":296,"date":"2016-01-17T09:57:03","date_gmt":"2016-01-17T08:57:03","guid":{"rendered":"http:\/\/valentehd.com\/?page_id=296"},"modified":"2016-08-18T16:17:14","modified_gmt":"2016-08-18T15:17:14","slug":"notre-catalogue","status":"publish","type":"page","link":"https:\/\/valentehd.com\/index.php\/notre-catalogue\/","title":{"rendered":"Notre Catalogue"},"content":{"rendered":"<p><a href=\"https:\/\/valentehd.com\/wp-content\/uploads\/2016\/08\/1.Couverture.jpg\" rel=\"attachment wp-att-424\"><img decoding=\"async\" loading=\"lazy\" class=\"aligncenter size-large wp-image-424\" src=\"https:\/\/valentehd.com\/wp-content\/uploads\/2016\/08\/1.Couverture-1024x720.jpg\" alt=\"Catalogue Couverture final\" width=\"1024\" height=\"720\" srcset=\"https:\/\/valentehd.com\/wp-content\/uploads\/2016\/08\/1.Couverture-1024x720.jpg 1024w, https:\/\/valentehd.com\/wp-content\/uploads\/2016\/08\/1.Couverture-300x211.jpg 300w, https:\/\/valentehd.com\/wp-content\/uploads\/2016\/08\/1.Couverture-768x540.jpg 768w\" sizes=\"(max-width: 1024px) 100vw, 1024px\" \/><\/a> <a href=\"https:\/\/valentehd.com\/wp-content\/uploads\/2016\/08\/2.Design-Confort.jpg\" rel=\"attachment wp-att-425\"><img decoding=\"async\" loading=\"lazy\" class=\"aligncenter size-large wp-image-425\" src=\"https:\/\/valentehd.com\/wp-content\/uploads\/2016\/08\/2.Design-Confort-1024x724.jpg\" alt=\"2.Design &amp; Confort\" width=\"1024\" height=\"724\" srcset=\"https:\/\/valentehd.com\/wp-content\/uploads\/2016\/08\/2.Design-Confort-1024x724.jpg 1024w, https:\/\/valentehd.com\/wp-content\/uploads\/2016\/08\/2.Design-Confort-300x212.jpg 300w, https:\/\/valentehd.com\/wp-content\/uploads\/2016\/08\/2.Design-Confort-768x543.jpg 768w\" sizes=\"(max-width: 1024px) 100vw, 1024px\" \/><\/a> <a href=\"https:\/\/valentehd.com\/wp-content\/uploads\/2016\/08\/3.B\u00e9n\u00e9fice-Energ\u00e9tique.jpg\" rel=\"attachment wp-att-426\"><img decoding=\"async\" loading=\"lazy\" class=\"aligncenter size-large wp-image-426\" src=\"https:\/\/valentehd.com\/wp-content\/uploads\/2016\/08\/3.B\u00e9n\u00e9fice-Energ\u00e9tique-1024x724.jpg\" alt=\"3.B\u00e9n\u00e9fice Energ\u00e9tique\" width=\"1024\" height=\"724\" srcset=\"https:\/\/valentehd.com\/wp-content\/uploads\/2016\/08\/3.B\u00e9n\u00e9fice-Energ\u00e9tique-1024x724.jpg 1024w, https:\/\/valentehd.com\/wp-content\/uploads\/2016\/08\/3.B\u00e9n\u00e9fice-Energ\u00e9tique-300x212.jpg 300w, https:\/\/valentehd.com\/wp-content\/uploads\/2016\/08\/3.B\u00e9n\u00e9fice-Energ\u00e9tique-768x543.jpg 768w\" sizes=\"(max-width: 1024px) 100vw, 1024px\" \/><\/a> <a href=\"https:\/\/valentehd.com\/wp-content\/uploads\/2016\/08\/4.Orientation-des-lames.jpg\" rel=\"attachment wp-att-427\"><img decoding=\"async\" loading=\"lazy\" class=\"aligncenter size-large wp-image-427\" src=\"https:\/\/valentehd.com\/wp-content\/uploads\/2016\/08\/4.Orientation-des-lames-1024x724.jpg\" alt=\"Orientation des lames Valente pergola\" width=\"1024\" height=\"724\" srcset=\"https:\/\/valentehd.com\/wp-content\/uploads\/2016\/08\/4.Orientation-des-lames-1024x724.jpg 1024w, https:\/\/valentehd.com\/wp-content\/uploads\/2016\/08\/4.Orientation-des-lames-300x212.jpg 300w, https:\/\/valentehd.com\/wp-content\/uploads\/2016\/08\/4.Orientation-des-lames-768x543.jpg 768w\" sizes=\"(max-width: 1024px) 100vw, 1024px\" \/><\/a> <a href=\"https:\/\/valentehd.com\/wp-content\/uploads\/2016\/08\/5.Etanch\u00e9it\u00e9.jpg\" rel=\"attachment wp-att-428\"><img decoding=\"async\" loading=\"lazy\" class=\"aligncenter size-large wp-image-428\" src=\"https:\/\/valentehd.com\/wp-content\/uploads\/2016\/08\/5.Etanch\u00e9it\u00e9-1024x724.jpg\" alt=\"5.Etanch\u00e9it\u00e9\" width=\"1024\" height=\"724\" srcset=\"https:\/\/valentehd.com\/wp-content\/uploads\/2016\/08\/5.Etanch\u00e9it\u00e9-1024x724.jpg 1024w, https:\/\/valentehd.com\/wp-content\/uploads\/2016\/08\/5.Etanch\u00e9it\u00e9-300x212.jpg 300w, https:\/\/valentehd.com\/wp-content\/uploads\/2016\/08\/5.Etanch\u00e9it\u00e9-768x543.jpg 768w\" sizes=\"(max-width: 1024px) 100vw, 1024px\" \/><\/a> <a href=\"https:\/\/valentehd.com\/wp-content\/uploads\/2016\/08\/6.Absence-dentretien.jpg\" rel=\"attachment wp-att-429\"><img decoding=\"async\" loading=\"lazy\" class=\"aligncenter size-large wp-image-429\" src=\"https:\/\/valentehd.com\/wp-content\/uploads\/2016\/08\/6.Absence-dentretien-1024x724.jpg\" alt=\"Absence d'entretien\" width=\"1024\" height=\"724\" srcset=\"https:\/\/valentehd.com\/wp-content\/uploads\/2016\/08\/6.Absence-dentretien-1024x724.jpg 1024w, https:\/\/valentehd.com\/wp-content\/uploads\/2016\/08\/6.Absence-dentretien-300x212.jpg 300w, https:\/\/valentehd.com\/wp-content\/uploads\/2016\/08\/6.Absence-dentretien-768x543.jpg 768w\" sizes=\"(max-width: 1024px) 100vw, 1024px\" \/><\/a> <a href=\"https:\/\/valentehd.com\/wp-content\/uploads\/2016\/08\/7.Protection-Securit\u00e9.jpg\" rel=\"attachment wp-att-430\"><img decoding=\"async\" loading=\"lazy\" class=\"aligncenter size-large wp-image-430\" src=\"https:\/\/valentehd.com\/wp-content\/uploads\/2016\/08\/7.Protection-Securit\u00e9-1024x724.jpg\" alt=\"Protection &amp; Securit\u00e9\" width=\"1024\" height=\"724\" srcset=\"https:\/\/valentehd.com\/wp-content\/uploads\/2016\/08\/7.Protection-Securit\u00e9-1024x724.jpg 1024w, https:\/\/valentehd.com\/wp-content\/uploads\/2016\/08\/7.Protection-Securit\u00e9-300x212.jpg 300w, https:\/\/valentehd.com\/wp-content\/uploads\/2016\/08\/7.Protection-Securit\u00e9-768x543.jpg 768w\" sizes=\"(max-width: 1024px) 100vw, 1024px\" \/><\/a> <a href=\"https:\/\/valentehd.com\/wp-content\/uploads\/2016\/08\/8.Options.jpg\" rel=\"attachment wp-att-431\"><img decoding=\"async\" loading=\"lazy\" class=\"aligncenter size-large wp-image-431\" src=\"https:\/\/valentehd.com\/wp-content\/uploads\/2016\/08\/8.Options-1024x724.jpg\" alt=\"Options Grise Piscine\" width=\"1024\" height=\"724\" srcset=\"https:\/\/valentehd.com\/wp-content\/uploads\/2016\/08\/8.Options-1024x724.jpg 1024w, https:\/\/valentehd.com\/wp-content\/uploads\/2016\/08\/8.Options-300x212.jpg 300w, https:\/\/valentehd.com\/wp-content\/uploads\/2016\/08\/8.Options-768x543.jpg 768w\" sizes=\"(max-width: 1024px) 100vw, 1024px\" \/><\/a> <a href=\"https:\/\/valentehd.com\/wp-content\/uploads\/2016\/08\/9.Laquages-standards.jpg\" rel=\"attachment wp-att-432\"><img decoding=\"async\" loading=\"lazy\" class=\"aligncenter size-large wp-image-432\" src=\"https:\/\/valentehd.com\/wp-content\/uploads\/2016\/08\/9.Laquages-standards-1024x724.jpg\" alt=\"Laquages standards\" width=\"1024\" height=\"724\" srcset=\"https:\/\/valentehd.com\/wp-content\/uploads\/2016\/08\/9.Laquages-standards-1024x724.jpg 1024w, https:\/\/valentehd.com\/wp-content\/uploads\/2016\/08\/9.Laquages-standards-300x212.jpg 300w, https:\/\/valentehd.com\/wp-content\/uploads\/2016\/08\/9.Laquages-standards-768x543.jpg 768w\" sizes=\"(max-width: 1024px) 100vw, 1024px\" \/><\/a> <a href=\"https:\/\/valentehd.com\/wp-content\/uploads\/2016\/08\/10.Configurations-possibles.jpg\" rel=\"attachment wp-att-433\"><img decoding=\"async\" loading=\"lazy\" class=\"aligncenter size-large wp-image-433\" src=\"https:\/\/valentehd.com\/wp-content\/uploads\/2016\/08\/10.Configurations-possibles-1024x724.jpg\" alt=\"Configurations possibles\" width=\"1024\" height=\"724\" srcset=\"https:\/\/valentehd.com\/wp-content\/uploads\/2016\/08\/10.Configurations-possibles-1024x724.jpg 1024w, https:\/\/valentehd.com\/wp-content\/uploads\/2016\/08\/10.Configurations-possibles-300x212.jpg 300w, https:\/\/valentehd.com\/wp-content\/uploads\/2016\/08\/10.Configurations-possibles-768x543.jpg 768w\" sizes=\"(max-width: 1024px) 100vw, 1024px\" \/><\/a> <a href=\"https:\/\/valentehd.com\/wp-content\/uploads\/2016\/08\/11.Sch\u00e9mas-Etancheit\u00e9-et-Orientation-des-lames.jpg\" rel=\"attachment wp-att-434\"><img decoding=\"async\" loading=\"lazy\" class=\"aligncenter size-large wp-image-434\" src=\"https:\/\/valentehd.com\/wp-content\/uploads\/2016\/08\/11.Sch\u00e9mas-Etancheit\u00e9-et-Orientation-des-lames-1024x724.jpg\" alt=\"11.Sch\u00e9mas Etancheit\u00e9 et Orientation des lames\" width=\"1024\" height=\"724\" srcset=\"https:\/\/valentehd.com\/wp-content\/uploads\/2016\/08\/11.Sch\u00e9mas-Etancheit\u00e9-et-Orientation-des-lames-1024x724.jpg 1024w, https:\/\/valentehd.com\/wp-content\/uploads\/2016\/08\/11.Sch\u00e9mas-Etancheit\u00e9-et-Orientation-des-lames-300x212.jpg 300w, https:\/\/valentehd.com\/wp-content\/uploads\/2016\/08\/11.Sch\u00e9mas-Etancheit\u00e9-et-Orientation-des-lames-768x543.jpg 768w\" sizes=\"(max-width: 1024px) 100vw, 1024px\" \/><\/a> <a href=\"https:\/\/valentehd.com\/wp-content\/uploads\/2016\/08\/12.Sch\u00e9mas-B\u00e9n\u00e9fice-Energ\u00e9tique-et-Montage.jpg\" rel=\"attachment wp-att-435\"><img decoding=\"async\" loading=\"lazy\" class=\"aligncenter size-large wp-image-435\" src=\"https:\/\/valentehd.com\/wp-content\/uploads\/2016\/08\/12.Sch\u00e9mas-B\u00e9n\u00e9fice-Energ\u00e9tique-et-Montage-1024x724.jpg\" alt=\"12.Sch\u00e9mas B\u00e9n\u00e9fice Energ\u00e9tique et Montage\" width=\"1024\" height=\"724\" srcset=\"https:\/\/valentehd.com\/wp-content\/uploads\/2016\/08\/12.Sch\u00e9mas-B\u00e9n\u00e9fice-Energ\u00e9tique-et-Montage-1024x724.jpg 1024w, https:\/\/valentehd.com\/wp-content\/uploads\/2016\/08\/12.Sch\u00e9mas-B\u00e9n\u00e9fice-Energ\u00e9tique-et-Montage-300x212.jpg 300w, https:\/\/valentehd.com\/wp-content\/uploads\/2016\/08\/12.Sch\u00e9mas-B\u00e9n\u00e9fice-Energ\u00e9tique-et-Montage-768x543.jpg 768w\" sizes=\"(max-width: 1024px) 100vw, 1024px\" \/><\/a> <a href=\"https:\/\/valentehd.com\/wp-content\/uploads\/2016\/08\/13.Donn\u00e9es-Electriques.jpg\" rel=\"attachment wp-att-436\"><img decoding=\"async\" loading=\"lazy\" class=\"aligncenter size-large wp-image-436\" src=\"https:\/\/valentehd.com\/wp-content\/uploads\/2016\/08\/13.Donn\u00e9es-Electriques-1024x724.jpg\" alt=\"13.Donn\u00e9es Electriques\" width=\"1024\" height=\"724\" srcset=\"https:\/\/valentehd.com\/wp-content\/uploads\/2016\/08\/13.Donn\u00e9es-Electriques-1024x724.jpg 1024w, https:\/\/valentehd.com\/wp-content\/uploads\/2016\/08\/13.Donn\u00e9es-Electriques-300x212.jpg 300w, https:\/\/valentehd.com\/wp-content\/uploads\/2016\/08\/13.Donn\u00e9es-Electriques-768x543.jpg 768w\" sizes=\"(max-width: 1024px) 100vw, 1024px\" \/><\/a> <a href=\"https:\/\/valentehd.com\/wp-content\/uploads\/2016\/08\/14.Catalogue-Couverturev-fond-final.jpg\" rel=\"attachment wp-att-437\"><img decoding=\"async\" loading=\"lazy\" class=\"aligncenter size-large wp-image-437\" src=\"https:\/\/valentehd.com\/wp-content\/uploads\/2016\/08\/14.Catalogue-Couverturev-fond-final-1024x724.jpg\" alt=\"Catalogue Couverturev fond final\" width=\"1024\" height=\"724\" srcset=\"https:\/\/valentehd.com\/wp-content\/uploads\/2016\/08\/14.Catalogue-Couverturev-fond-final-1024x724.jpg 1024w, https:\/\/valentehd.com\/wp-content\/uploads\/2016\/08\/14.Catalogue-Couverturev-fond-final-300x212.jpg 300w, https:\/\/valentehd.com\/wp-content\/uploads\/2016\/08\/14.Catalogue-Couverturev-fond-final-768x543.jpg 768w\" sizes=\"(max-width: 1024px) 100vw, 1024px\" \/><\/a><\/p>\n<p><a href=\"https:\/\/valentehd.com\/wp-content\/uploads\/2016\/01\/Catalogue-VALENTE-HD_Page_04.jpg\" rel=\"attachment wp-att-374\"><br \/>\n<\/a><\/p>\n","protected":false},"excerpt":{"rendered":"","protected":false},"author":2,"featured_media":424,"parent":0,"menu_order":0,"comment_status":"closed","ping_status":"closed","template":"","meta":[],"_links":{"self":[{"href":"https:\/\/valentehd.com\/index.php\/wp-json\/wp\/v2\/pages\/296"}],"collection":[{"href":"https:\/\/valentehd.com\/index.php\/wp-json\/wp\/v2\/pages"}],"about":[{"href":"https:\/\/valentehd.com\/index.php\/wp-json\/wp\/v2\/types\/page"}],"author":[{"embeddable":true,"href":"https:\/\/valentehd.com\/index.php\/wp-json\/wp\/v2\/users\/2"}],"replies":[{"embeddable":true,"href":"https:\/\/valentehd.com\/index.php\/wp-json\/wp\/v2\/comments?post=296"}],"version-history":[{"count":19,"href":"https:\/\/valentehd.com\/index.php\/wp-json\/wp\/v2\/pages\/296\/revisions"}],"predecessor-version":[{"id":498,"href":"https:\/\/valentehd.com\/index.php\/wp-json\/wp\/v2\/pages\/296\/revisions\/498"}],"wp:featuredmedia":[{"embeddable":true,"href":"https:\/\/valentehd.com\/index.php\/wp-json\/wp\/v2\/media\/424"}],"wp:attachment":[{"href":"https:\/\/valentehd.com\/index.php\/wp-json\/wp\/v2\/media?parent=296"}],"curies":[{"name":"wp","href":"https:\/\/api.w.org\/{rel}","templated":true}]}}